test common divisor of 17289 and 408.
51
What is the greatest common factor of 12858 and 6?
6
Calculate the greatest common factor of 1564 and 157148.
68
What is the highest common divisor of 1105 and 1053?
13
Calculate the highest common factor of 3822 and 20433.
147
Calculate the greatest common divisor of 80 and 368.
16
What is the highest common divisor of 3927 and 62139?
231
What is the highest common factor of 273 and 209027?
91
Calculate the greatest common factor of 856 and 149968.
8
Calculate the greatest common divisor of 175 and 1939.
7
Calculate the greatest common factor of 3915 and 15138.
261
Calculate the greatest common factor of 3150 and 558.
18
Calculate the greatest common factor of 433184 and 32.
32
Calculate the highest common factor of 2385 and 171.
9
What is the highest common factor of 6164 and 172?
4
Calculate the greatest common factor of 144948 and 24.
12
What is the greatest common factor of 60 and 1038360?
60
Calculate the greatest common factor of 14 and 26614.
14
Calculate the greatest common factor of 1246 and 1834.
14
What is the highest common divisor of 11217377 and 197?
197
Calculate the greatest common factor of 490775 and 1172.
293
Calculate the greatest common divisor of 1857937 and 951.
317
Calculate the greatest common factor of 2124 and 2087361.
531
What is the highest common factor of 3672 and 7416?
72
What is the highest common factor of 109544 and 8?
8
What is the highest common factor of 1411 and 16148895?
1411
Calculate the greatest common factor of 210 and 19362.
42
Calculate the highest common divisor of 28216 and 8.
8
What is the greatest common factor of 3081 and 8697?
39
What is the greatest common divisor of 12 and 4343748?
12
Calculate the highest common divisor of 384983 and 367.
367
What is the greatest common factor of 14504 and 350?
14
What is the highest common divisor of 620 and 377332?
124
What is the greatest common factor of 7981302 and 21?
21
Calculate the greatest common divisor of 17252 and 106236.
908
Calculate the greatest common factor of 148 and 131968.
4
Calculate the highest common factor of 422280 and 440.
40
What is the highest common factor of 215736 and 1424?
712
Calculate the greatest common factor of 21994948 and 71.
71
What is the highest common factor of 504968 and 1896?
632
What is the greatest common divisor of 4185 and 158193?
837
Calculate the greatest common factor of 8730 and 2790.
90
What is the greatest common factor of 6 and 56712?
6
What is the highest common divisor of 252 and 72338?
14
Calculate the highest common factor of 46470 and 60.
30
Calculate the highest common divisor of 1618206 and 6.
6
Calculate the greatest common factor of 733272 and 144.
24
Calculate the highest common divisor of 240 and 165390.
30
What is the greatest common factor of 48760 and 368?
184
Calculate the greatest common factor of 1853882 and 642.
214
What is the greatest common factor of 13799775 and 825?
825
What is the highest common factor of 1878 and 1636364?
626
What is the highest common factor of 70 and 22410?
10
What is the highest common divisor of 121902 and 66?
66
Calculate the greatest common divisor of 1001308 and 616.
308
What is the highest common factor of 6144 and 23184?
48
What is the highest common factor of 108 and 261333?
27
Calculate the highest common divisor of 198 and 6087.
3
What is the greatest common factor of 201612 and 159?
159
Calculate the greatest common divisor of 848 and 13504.
16
Calculate the highest common divisor of 438 and 184252.
146
What is the highest common divisor of 218 and 5719884?
218
What is the highest common divisor of 380 and 508?
4
What is the greatest common factor of 3 and 3277?
1
Calculate the highest common factor of 99164 and 104.
52
Calculate the highest common divisor of 34277 and 3926.
151
What is the highest common divisor of 77 and 327894?
7
Calculate the greatest common divisor of 1537 and 14152.
29
What is the greatest common factor of 224 and 9152?
32
Calculate the greatest common factor of 894 and 188038.
298
What is the highest common factor of 24 and 18870?
6
What is the greatest common divisor of 84 and 192332?
28
What is the highest common factor of 2178 and 21?
3
Calculate the greatest common factor of 16 and 125968.
16
Calculate the highest common factor of 497720 and 3680.
920
Calculate the greatest common factor of 143 and 10517.
13
What is the highest common divisor of 277295 and 155?
155
Calculate the highest common factor of 193480 and 280.
280
Calculate the highest common factor of 1353 and 1155.
33
What is the highest common factor of 980 and 4663820?
980
Calculate the greatest common factor of 81696 and 18492.
276
What is the highest common divisor of 8600 and 1975?
25
What is the greatest common divisor of 284 and 70858?
142
Calculate the greatest common divisor of 117 and 1085097.
39
Calculate the highest common factor of 83065 and 185.
185
What is the greatest common divisor of 100 and 44750?
50
What is the highest common factor of 10196 and 16?
4
Calculate the greatest common divisor of 1122 and 1551.
33
What is the greatest common divisor of 4 and 173467?
1
Calculate the greatest common divisor of 40 and 39480400.
40
Calculate the greatest common divisor of 238 and 138210.
34
Calculate the highest common factor of 77390 and 20710.
1090
What is the greatest common factor of 45882 and 27?
9
What is the highest common divisor of 1849 and 5504?
43
Calculate the greatest common factor of 19 and 14703587.
19
What is the greatest common factor of 90 and 773600?
10
Calculate the highest common factor of 866 and 395762.
866
What is the greatest common divisor of 847 and 613954?
121
Calculate the greatest common divisor of 279096 and 4176.
696
What is the highest common factor of 1960 and 48860?
140
Calculate the highest common divisor of 52419 and 12423.
303
Calculate the greatest common factor of 204 and 16116.
204
Calculate the greatest common divisor of 77360 and 320.
80
Calculate the highest common divisor of 1125656 and 56.
56
Calculate the highest common divisor of 276 and 529.
23
What is the greatest common factor of 420 and 5740?
140
Calculate the highest common divisor of 141 and 3362850.
141
What is the greatest common divisor of 7821 and 42768?
99
Calculate the greatest common factor of 11836 and 15602.
538
What is the highest common factor of 73 and 13943?
73
Calculate the greatest common divisor of 2 and 91642.
2
Calculate the greatest common factor of 450 and 57600.
450
Calculate the greatest common divisor of 14805 and 1880.
235
What is the highest common factor of 14 and 240254?
14
What is the greatest common factor of 3840 and 9472?
256
Calculate the highest common divisor of 73450 and 5200.
650
What is the greatest common factor of 32896 and 754552?
2056
What is the greatest common factor of 1053 and 2665?
13
Calculate the greatest common divisor of 24232 and 832.
104
What is the greatest common factor of 657 and 1117411?
73
What is the highest common factor of 320 and 9485?
5
Calculate the highest common factor of 51150 and 66.
66
Calculate the greatest common divisor of 19514 and 5126.
22
What is the greatest common divisor of 28 and 1769152?
28
Calculate the highest common divisor of 274959 and 822.
411
Calculate the greatest common factor of 9120 and 312816.
912
Calculate the greatest common factor of 18298 and 98.
14
What is the highest common divisor of 1600 and 215?
5
Calculate the greatest common factor of 1320 and 3630.
330
What is the highest common factor of 246047 and 31?
31
Calculate the highest common divisor of 343043 and 527.
17
What is the highest common divisor of 192880 and 248?
8
What is the greatest common factor of 81 and 149391?
27
Calculate the highest common factor of 404569 and 396.
11
Calculate the highest common divisor of 3698 and 2150.
86
What is the greatest common factor of 1956 and 366?
6
What is the highest common divisor of 6 and 8254?
2
Calculate the greatest common divisor of 117 and 14265.
9
Calculate the highest common divisor of 26811 and 459.
27
What is the greatest common divisor of 4256835 and 45?
15
Calculate the greatest common divisor of 117515 and 15.
5
What is the highest common divisor of 3481 and 944?
59
What is the greatest com